-5 + 37)) + (2 - -12)?
-18
Calculate 89 + (110 - (276 + -116)).
39
What is the value of 225 + (-488 - -224) - (-1 + -119)?
81
Evaluate -27 + (16 - 26 - -23) + -8.
-22
Calculate 12 - -2 - 0 - (-11 + (110 - (-25 + 48))).
-62
What is the value of 1 + -2 - -1 - 7 - (5538 + -5548) - 6?
-3
What is the value of -3 - (-49 + 13 + (10 - (29 - 9)))?
43
What is 41 + 15 + -23 - 25?
8
Evaluate (10 + -1 - -23) + (5 - -2 - 3).
36
What is the value of 41 + -164 + 208 + -77?
8
Calculate -26 - (2208 - 2218 - (-11 + 0 + -1)).
-28
What is the value of -23 - (-1 - (40 + -30 + (0 - 3)))?
-15
Evaluate (113 - -1) + -20 + (33 - 11) - 15 - 13.
88
What is the value of 60 + -21 + (3 - (10 - -5))?
27
Evaluate 2 - -5 - (-25 + 60 - (-3 - -1)).
-30
Calculate -7 + -15 - (41 - 146) - (0 - -16).
67
Calculate (55 - (2 - -2)) + (-10 - -5).
46
Calculate -19 + (-25 + 18 - -54) + -31.
-3
(16 - -9) + 243 + -123 - (20 - 1)
126
(-5 - -28) + 3 + -28 + 17
15
12 - 37 - (-24 + (-38 - -27))
10
What is the value of 52 - (40 - (40 + 1 - 29))?
24
8 + -40 - -3 - (251 + -344)
64
What is the value of -76 + 44 + 23 + -35?
-44
What is -17 + (-30 - -33) + 10?
-4
Calculate 25 - (13 + 1 + (-198 - -175)).
34
Calculate (-94 + 106 - (20 - -1)) + 1.
-8
(3 - -66) + (-698 - -653)
24
What is (-3 - (18 + 0 + -38 + 13)) + 73?
77
Evaluate (41 - -1) + -2704 + 2698.
36
What is (-4 + (20 - 17) - -14) + -25 - -6?
-6
Calculate -2 + -21 + (-11 - (29 - -39 - 31)).
-71
Calculate -16 - (18 + (-15 - (34 - 50)) + -9 + 1).
-27
What is 131 - (158 + -123 + 129)?
-33
Evaluate 23 - (3 - 25 - (56 + -61)).
40
What is the value of (-1 - -29) + (40 - (-15 + 52))?
31
(-58 - -2) + (-4 + -13 - (119 + -127))
-65
What is 844 - 864 - ((-2 + 4 - -2) + -7 + -4)?
-13
-3 - (-5 + 5) - (78 + -53)
-28
72 - -8 - (-1384 + 1530)
-66
What is 15 + 13 + (5 + 30 - (-39 - -53))?
49
What is 1 + -1 + (87 - -55 - 170)?
-28
90 + -9 - 74 - (90 - (3 - 2))
-82
What is 5 + (-90 - (1 + (-23 - (8 + -17)) + 18))?
-90
Calculate -20 + -7 + 46 - (70 - (2 + 3)).
-46
-4 + 2 - (1 - (10 + -5 + (-8 - 0)))
-6
Calculate (3206 - 3202) + (2 + -132 - (0 + -1)).
-125
What is the value of (12 + (2 - 2) - -2) + 33?
47
Evaluate 30 + (-1 - -9) + (29 - (61 + -24)).
30
What is 4 + 8 - (0 + 1 + (24 - (-144 + 46)))?
-111
Calculate -7 + (-7 - (-7 + 4 - 10)) + 33.
32
What is the value of -61 + (26 - (2 - 10) - 24)?
-51
Calculate (-42 - 8) + (-483 - -472) + (2 - (2 + -10)).
-51
What is 11 + -55 - (-27 - (35 + -60))?
-42
Calculate -2 - 29 - (-62 + 82 - (25 + 2)).
-24
What is the value of 9 - (-13 + (-5 - -4)) - 48?
-25
-151 + 138 - ((5 - 22) + 112)
-108
What is -55 + -93 + (65 - -71)?
-12
Evaluate (((17 - 8) + -7 - -3) + -2 - 6) + 33.
30
Evaluate -64 - 1 - (-20835 + 20860).
-90
What is 139 + (-46 - -39 - 51)?
81
What is -20 + 0 + (-18 + 0 + 6 - -4)?
-28
What is the value of -12 + -4 + (-2 - -1 - 1 - (22 + -25))?
-15
What is 6 - (-39 - (-114 - -78) - (20 - 1))?
28
What is 6 - -2 - ((-84 - (-112 - -32)) + 0 + -16)?
28
Evaluate 11 - ((-4 - -16) + -2) - -9 - 10.
0
-39 + 166 + (1 - 0) + (91 - 115)
104
Calculate -19 + (-1 - -17 - (-141 - -170)).
-32
What is the value of (24 - 10) + -37 - 21?
-44
What is the value of (-7 - -1) + 13 + -27 + (-1 - (1 - -8))?
-30
(-1 - (-1 + (35 - 2))) + (-104 - (61 - 162))
-36
7 + -62 + -14 + 19 + (0 - -5) + -6
-51
What is -29 - ((-1 - -22 - -17) + -163)?
96
Calculate 5 - (-22 + 34) - -18 - -31.
42
What is the value of 1 - 60 - (-3 - -22 - (58 + -50))?
-70
Evaluate -151 - (-4 - 22) - -90.
-35
Evaluate ((-1 - -64) + 5 - -6) + (-4 - 6) - -8.
72
Evaluate -56 - (-14 + (4 - 5) + (75 - 54)).
-62
23 - -1 - (-229 - -225) - 9
19
What is -7 + 19 + (22 - 23 - 18)?
-7
What is the value of (-19 - -10) + -25 + (1 - -5) + -10?
-38
What is the value of (-33 - -27) + -1 + 2 + -36 + (56 - 47)?
-32
What is -3 + 35 + 10 + (16 + 6 - 19)?
45
34 - (-16 - (-20 + 6)) - (-3 + -1 + 1)
39
Calculate 22 + -9 + 9 + -3 + 27.
46
Evaluate 118 + 15 + -76 + -42.
15
Evaluate -163 + 177 - (-6 + -1 - (3 - -15 - 108)).
-69
Evaluate 369 + -418 + 6 + 3.
-40
What is 30 - (27 - (47 - -61))?
111
(-78 - -32) + 46 - -47
47
Calculate -21 + 9 - (0 - 17) - 13 - 28.
-36
What is the value of (3 - -1 - -1) + 0 + 4 + -2 + 23?
30
Calculate -12 + 15 - (5 + -2) - (-9 + 7 + 52).
-50
(11 - (17 - -2) - (4 - 1)) + -200 + 102
-109
What is the value of -54 - 29 - -36 - -23?
-24
Evaluate -6 + 27 + (-48 - 1).
-28
Calculate -3 + -108 + (49 - -20).
-42
What is the value of -278 + 230 - (2 - 38)?
-12
Evaluate (11 - (16 + (-4 - -10))) + -48 + 178.
119
Calculate 0 + 55 - (98 - -6).
-49
Evaluate 53 + (-49 - 3) - 26.
-25
What is the value of (1933 - 1918) + 1 + (-2 - 67)?
-53
Calculate -9 + (-6 + 3 - -9) + (-2 - (-4 - 1)).
0
(12 + -40 - -11) + -35 + (-24 - -19)
-57
What is the value of 3 + 3 - 20 - ((41 - 61) + -72 + -3)?
81
What is the value of 7 + 0 + (17 - (65 - 38)) + (26 - -2)?
25
Evaluate 2 - -12 - (136 + -110 + -39).
27
What is the value of (5 + 0 - (-2 + -3)) + (273 - 238)?
45
Evaluate -73 + (140 - (-142 + 115)).
94
Calculate 7 - (-42 + 17 + (8 - -14)).
10
Calculate 0 - (97 - (116 - 31)).
-12
-7 + (4 - -26 - 17) + 14 + -37
-17
What is 0 + (1 - -4) + -4 + -10 + -44?
-53
What is (-6 + -2 - (0 - (14 + -16))) + (-65 - 0)?
-75
(47 - (50 + -16)) + 7
20
What is the value of (-151 - -173) + -8 - (17 + (1 - 1))?
-3
What is -246 - -267 - (18 + 1) - (-1 - 55) - 1?
57
What is the value of -71 - (66 + -97) - -68?
28
What is 66 - 47 - ((-10 + -23 - -8) + 8)?
36
1 + 57 - (-308 + 279) - (12 - (4 + -2))
77
Evaluate -63 + -9 + 8 - -53.
-11
What is the value of -21 - (-14 + 11 + -40) - -15?
37
113 + 9 - (463 + -281)
-60
What is 6 + 0 + -179 + 171 - 22?
-24
What is the value of 80 + 1 - (3 + -16 + 1 + -15 + 27)?
81
What is (2 - (0 - (0 + 0))) + -7131 + 7189?
60
Calculate 4 - 98 - (-2450 + 2401).
-45
What is (0 - -4 - -6) + ((-12 - -28) + -14 - -27)?
39
Evaluate 6 + (-20 - -24 - (4 - -44)).
-38
-1 - 49 - (80 + -73 - (-5 + 2))
-60
Evaluate -37 + 2 - (8 - 0 - (33 + -23)) - 3.
-36
What is 5 + -85 + (761 - 706)?
-25
What is the value of (-148 + 55 - (-88 + 115)) + (-1 - 19)?
-140
What is 52 - (-216 + 99 - -113)?
56
(125 - (157 - 80)) + 39
87
What is the value of 15 - -1 - ((-47 - (26 + -29)) + 11)?
49
Evaluate 19 - (-73 + (131 - -11)).
-50
What is the value of -58 + (36 + -33 - (7 + -3) - -9)?
-50
Calculate 0 + 47 - (-63 + 68 + -23).
65
What is the value of (15 - 27) + 20 + -6 + (-63 - (-5 + 9))?
-65
What is (0 - -1 - 3 - (-2 + 21 + -11)) + -3?
-13
Evaluate 83 + (2 + 0 - ((426 - 428) + 1 + -4)).
90
What is 7 - 1 - 2 - (-168 - (327 + -406))?
93
Calculate 1 + 1 - -25 - (-10 - (-1 - (-13 - -12))).
37
Evaluate -1 + 0 - (5 - 8) - (1 + -41 - -13).
29
-15 + 63 + 3 - 14
37
(-18 - (-42 + -36 + 70)) + -4
-14
Calculate (4 + 8 - 2 - -7) + (9 - 5 - 3).
18
What is (3 - 7) + 4 + 43 + 196 + -196?
43
What is (4 - 0) + 8 - (-68 + -1 + -156 + 147)?
90
Calculate (-4 - (-2 + 7)) + (-20 - 37 - -37).
-29
Evaluate -41 + (42 - 26) + -36 + 9.
-52
What is the value of -1 + 6 + (34 - -68) + -34 - 24?
49
What is 8247 - 8204 - (2 - 0 - 4 - 3)?
48
Evaluate -31 + 119 + -1 + 0 + 4 - (-10 + 16).
85
Calculate -37 - (-45 + 27 + 19).
-38
What is the value of (8 - 10 - (-2 + -10)) + 65 - (-1 + 4)?
72
What is -20 - (-10 + 26 - 4 - -29)?
-61
Evaluate -70 - (83 + (-134 - 60)).
41
What is 41 + -11 + -37 - (0 - 6 - -17)?
-18
What is the value of 2682 + -2630 + (-15 - 2)?
35
(-10 - (-5 + -1)) + -30 + (-14 - (-18 + 11))
-41
Calculate (-43 - -38) + (11 - (-13 + -12)).
31
Evaluate -34 + (-146 - (-77 - -6)).
-109
Evaluate 1 + 15 + 1 - (-117 + 127).
7
Evaluate 44 + -24 - (5 + -12).
27
What is the value of -12 - (32 - (4 + -8 + 3 + (19 - 10)))?
-36
Calculate (-83 - -3) + 415 + -353.
-18
334 - 341 - (4 + -15)
4
Evaluate (-24 - (-26 + 10)) + (5 - 13 - 3).
-19
What is 7 - (-6 + 9 - (-4 - (10 - 12)))?
2
What is the value of (38 - (-26 + 18)) + (-12 - 1) - -4?
37
69 + -98 + 25 + -5 - (1 + 29)
-39
Evaluate -3 - ((4 - 15 - 6) + 9) - -14.
19
What is the value of 64 + 113 + -106 + 16?
87
What is -12 + 28 - 17 - (51 - -4) - -13?
-43
-1 - (4 + -27) - (1 - (19 + -7))
33
Calculate -46 - -38 - (-12 - 32 - (2 + -1)).
37
Calculate 134 - (-4 - (-73 - 2)).
63
What is (1 - -12) + (-45 - (21 + -44)) + -14?
-23
Evaluate -78 + (6 - -8 - (-16 - (-3 + -12))) + 6.
-57
Evaluate -11 - 2 - (-3 - -11) - 42 - -22.
-41
What i